{"id":77,"date":"2023-11-12T16:48:46","date_gmt":"2023-11-12T16:48:46","guid":{"rendered":"http:\/\/www.efemfidancilik.com\/?page_id=77"},"modified":"2023-11-14T19:24:55","modified_gmt":"2023-11-14T19:24:55","slug":"nektarin-fidani","status":"publish","type":"page","link":"http:\/\/www.efemfidancilik.com\/index.php\/nektarin-fidani\/","title":{"rendered":"Nektarin Fidanlar\u0131"},"content":{"rendered":"<table>\n<tbody>\n<tr>\n<td width=\"302\"><strong>SWEET LADY (nektarin) <\/strong><\/p>\n<p><strong>\u00a0<\/strong><\/p>\n<p><strong>Hasat zaman\u0131<\/strong>: Eyl\u00fcl 1. Hafta<\/p>\n<p><strong>Tozlayac\u0131lar:<\/strong><\/p>\n<p>Pollinators Kendi kendini tozlar.<\/p>\n<p><strong>\u00d6zellikleri:<\/strong><\/p>\n<p>A\u011fa\u00e7lar\u0131 h\u0131zl\u0131 ve yayg\u0131n geli\u015fir. Verimi y\u00fcksektir. Meyve eti sar\u0131d\u0131r. \u00c7ekirdekte ba\u011fl\u0131 de\u011fildir. Olduk\u00e7a iri, sert ve dayan\u0131kl\u0131 bir \u00e7e\u015fittir.\u00a0 So\u011fuk hava depolar\u0131nda bir aya kadar saklanabilir.<\/p>\n<p>&nbsp;<\/td>\n<td width=\"302\"><img loading=\"lazy\" decoding=\"async\" class=\"alignnone size-medium wp-image-130\" src=\"http:\/\/www.efemfidancilik.com\/wp-content\/uploads\/2023\/11\/SWEET_LADY-300x206.jpg\" alt=\"\" width=\"300\" height=\"206\" srcset=\"http:\/\/www.efemfidancilik.com\/wp-content\/uploads\/2023\/11\/SWEET_LADY-300x206.jpg 300w, http:\/\/www.efemfidancilik.com\/wp-content\/uploads\/2023\/11\/SWEET_LADY-1x1.jpg 1w, http:\/\/www.efemfidancilik.com\/wp-content\/uploads\/2023\/11\/SWEET_LADY.jpg 648w\" sizes=\"(max-width: 300px) 100vw, 300px\" \/><\/td>\n<\/tr>\n<\/tbody>\n<\/table>\n<table>\n<tbody>\n<tr>\n<td width=\"302\"><strong>VEN\u00dcS<\/strong><\/p>\n<p>&nbsp;<\/p>\n<p>&nbsp;<\/td>\n<td width=\"302\"><\/td>\n<\/tr>\n<tr>\n<td width=\"302\"><\/td>\n<td width=\"302\"><\/td>\n<\/tr>\n<\/tbody>\n<\/table>\n","protected":false},"excerpt":{"rendered":"<p>SWEET LADY (nektarin) \u00a0 Hasat zaman\u0131: Eyl\u00fcl 1. Hafta Tozlayac\u0131lar: Pollinators Kendi kendini tozlar. \u00d6zellikleri: A\u011fa\u00e7lar\u0131 h\u0131zl\u0131 ve yayg\u0131n geli\u015fir. Verimi y\u00fcksektir. Meyve eti sar\u0131d\u0131r. \u00c7ekirdekte ba\u011fl\u0131 de\u011fildir. Olduk\u00e7a iri, sert ve dayan\u0131kl\u0131 bir \u00e7e\u015fittir.\u00a0 So\u011fuk hava depolar\u0131nda bir aya kadar saklanabilir. &nbsp; VEN\u00dcS &nbsp; &nbsp;<\/p>\n","protected":false},"author":1,"featured_media":0,"parent":0,"menu_order":0,"comment_status":"closed","ping_status":"closed","template":"","meta":{"footnotes":""},"_links":{"self":[{"href":"http:\/\/www.efemfidancilik.com\/index.php\/wp-json\/wp\/v2\/pages\/77"}],"collection":[{"href":"http:\/\/www.efemfidancilik.com\/index.php\/wp-json\/wp\/v2\/pages"}],"about":[{"href":"http:\/\/www.efemfidancilik.com\/index.php\/wp-json\/wp\/v2\/types\/page"}],"author":[{"embeddable":true,"href":"http:\/\/www.efemfidancilik.com\/index.php\/wp-json\/wp\/v2\/users\/1"}],"replies":[{"embeddable":true,"href":"http:\/\/www.efemfidancilik.com\/index.php\/wp-json\/wp\/v2\/comments?post=77"}],"version-history":[{"count":7,"href":"http:\/\/www.efemfidancilik.com\/index.php\/wp-json\/wp\/v2\/pages\/77\/revisions"}],"predecessor-version":[{"id":233,"href":"http:\/\/www.efemfidancilik.com\/index.php\/wp-json\/wp\/v2\/pages\/77\/revisions\/233"}],"wp:attachment":[{"href":"http:\/\/www.efemfidancilik.com\/index.php\/wp-json\/wp\/v2\/media?parent=77"}],"curies":[{"name":"wp","href":"https:\/\/api.w.org\/{rel}","templated":true}]}}