{"id":73,"date":"2023-11-12T16:48:20","date_gmt":"2023-11-12T16:48:20","guid":{"rendered":"http:\/\/www.efemfidancilik.com\/?page_id=73"},"modified":"2023-11-13T05:07:19","modified_gmt":"2023-11-13T05:07:19","slug":"badem-fidani","status":"publish","type":"page","link":"http:\/\/www.efemfidancilik.com\/index.php\/badem-fidani\/","title":{"rendered":"Badem Fidanlar\u0131"},"content":{"rendered":"<table>\n<tbody>\n<tr>\n<td width=\"302\"><strong>NONPARE\u0130L<\/strong><\/p>\n<p><strong>\u00a0<\/strong><\/p>\n<p><strong>Hasat zaman\u0131:<\/strong> Eyl\u00fcl 1. ve\u00a0 3.hafta<\/p>\n<p><strong>Tozlayac\u0131lar:\u00a0\u00a0 <\/strong><\/p>\n<p>Pollinators, Ne Plus Ultra, Teksas ve Thompsan<\/p>\n<p><strong>\u00d6zellikleri: <\/strong><\/p>\n<p>Nonpareil badem a\u011fa\u00e7lar\u0131 orta kuvvetli geli\u015fir. Yayvan ve da\u011f\u0131n\u0131k bir ta\u00e7 yap\u0131s\u0131na sahiptir ve orta iri b\u00f6lgesi vard\u0131r. Uzun ve oval \u015feklini almaktad\u0131r. Olduk\u00e7a kaliteli ve uzun s\u00fcre depolama bilir. Elle k\u0131r\u0131labilir.<\/p>\n<p>.<\/p>\n<p>&nbsp;<\/td>\n<td width=\"302\"><img loading=\"lazy\" decoding=\"async\" class=\"alignnone size-medium wp-image-123\" src=\"http:\/\/www.efemfidancilik.com\/wp-content\/uploads\/2023\/11\/napiel-300x200.jpg\" alt=\"\" width=\"300\" height=\"200\" srcset=\"http:\/\/www.efemfidancilik.com\/wp-content\/uploads\/2023\/11\/napiel-300x200.jpg 300w, http:\/\/www.efemfidancilik.com\/wp-content\/uploads\/2023\/11\/napiel-1x1.jpg 1w, http:\/\/www.efemfidancilik.com\/wp-content\/uploads\/2023\/11\/napiel.jpg 648w\" sizes=\"(max-width: 300px) 100vw, 300px\" \/><\/td>\n<\/tr>\n<tr>\n<td width=\"302\"><strong>TEXAS<\/strong><\/p>\n<p><strong>\u00a0<\/strong><\/p>\n<p><strong>Hasat zaman\u0131:<\/strong> Eyl\u00fcl 4.hafta<\/p>\n<p><strong>Tozlayac\u0131lar\u0131:<\/strong>\u00a0\u00a0 Pollinators, Nonpareil<\/p>\n<p><strong>\u00d6zellikleri: <\/strong><\/p>\n<p>Texas Badem \u00e7e\u015fidi ge\u00e7 \u00e7i\u00e7eklenir ve a\u011fac\u0131n tamam\u0131 ayn\u0131 zamanda \u00e7i\u00e7ek a\u00e7maz Bu nedenle so\u011fuklardan en az derecede etkilenen \u00e7e\u015fittir. \u00c7ift \u00e7ekirdek oran\u0131 en y\u00fcksek olan bir ce\u015fittir. Kabu\u011fu orta derece serttir.<\/p>\n<p>&nbsp;<\/td>\n<td width=\"302\"><img loading=\"lazy\" decoding=\"async\" class=\"alignnone size-medium wp-image-120\" src=\"http:\/\/www.efemfidancilik.com\/wp-content\/uploads\/2023\/11\/texas-300x240.jpg\" alt=\"\" width=\"300\" height=\"240\" srcset=\"http:\/\/www.efemfidancilik.com\/wp-content\/uploads\/2023\/11\/texas-300x240.jpg 300w, http:\/\/www.efemfidancilik.com\/wp-content\/uploads\/2023\/11\/texas-1x1.jpg 1w, http:\/\/www.efemfidancilik.com\/wp-content\/uploads\/2023\/11\/texas.jpg 640w\" sizes=\"(max-width: 300px) 100vw, 300px\" \/><\/td>\n<\/tr>\n<tr>\n<td width=\"302\"><strong>FERRAGNES<\/strong><\/p>\n<p><strong>\u00a0<\/strong><\/p>\n<p><strong>Hasat zaman\u0131:<\/strong> \u00a0Eyl\u00fcl 2.Ve 4.Haftas\u0131<\/p>\n<p><strong>Tozlayac\u0131lar:<\/strong>\u00a0 Pollinators, Ferraduel<\/p>\n<p><strong>\u00d6zellikleri:<\/strong><\/p>\n<p>Kabu\u011fu yumu\u015fak ve i\u00e7 badem kalitesi \u00e7ok iyidir. Di\u015f bademi de denir. Koyu kahverengidir, i\u00e7 rand\u0131man\u0131 %40 civar\u0131ndad\u0131r.<\/p>\n<p>Badem yazlar\u0131 uzun, s\u0131cak ve k\u0131\u015flar\u0131 nispeten a\u015f\u0131r\u0131 so\u011fuk olmayan b\u00f6lgelerde ekonomik olarak \u00fcretilebilir.<\/p>\n<p>&nbsp;<\/td>\n<td width=\"302\"><img loading=\"lazy\" decoding=\"async\" class=\"alignnone size-medium wp-image-121\" src=\"http:\/\/www.efemfidancilik.com\/wp-content\/uploads\/2023\/11\/FERRAGNES-300x248.jpg\" alt=\"\" width=\"300\" height=\"248\" srcset=\"http:\/\/www.efemfidancilik.com\/wp-content\/uploads\/2023\/11\/FERRAGNES-300x248.jpg 300w, http:\/\/www.efemfidancilik.com\/wp-content\/uploads\/2023\/11\/FERRAGNES-1x1.jpg 1w, http:\/\/www.efemfidancilik.com\/wp-content\/uploads\/2023\/11\/FERRAGNES.jpg 618w\" sizes=\"(max-width: 300px) 100vw, 300px\" \/><\/td>\n<\/tr>\n<\/tbody>\n<\/table>\n","protected":false},"excerpt":{"rendered":"<p>NONPARE\u0130L \u00a0 Hasat zaman\u0131: Eyl\u00fcl 1. ve\u00a0 3.hafta Tozlayac\u0131lar:\u00a0\u00a0 Pollinators, Ne Plus Ultra, Teksas ve Thompsan \u00d6zellikleri: Nonpareil badem a\u011fa\u00e7lar\u0131 orta kuvvetli geli\u015fir. Yayvan ve da\u011f\u0131n\u0131k bir ta\u00e7 yap\u0131s\u0131na sahiptir ve orta iri b\u00f6lgesi vard\u0131r. Uzun ve oval \u015feklini almaktad\u0131r. Olduk\u00e7a kaliteli ve uzun s\u00fcre depolama bilir. Elle k\u0131r\u0131labilir. . &nbsp; TEXAS \u00a0 Hasat zaman\u0131: [&hellip;]<\/p>\n","protected":false},"author":1,"featured_media":0,"parent":0,"menu_order":0,"comment_status":"closed","ping_status":"closed","template":"","meta":{"footnotes":""},"_links":{"self":[{"href":"http:\/\/www.efemfidancilik.com\/index.php\/wp-json\/wp\/v2\/pages\/73"}],"collection":[{"href":"http:\/\/www.efemfidancilik.com\/index.php\/wp-json\/wp\/v2\/pages"}],"about":[{"href":"http:\/\/www.efemfidancilik.com\/index.php\/wp-json\/wp\/v2\/types\/page"}],"author":[{"embeddable":true,"href":"http:\/\/www.efemfidancilik.com\/index.php\/wp-json\/wp\/v2\/users\/1"}],"replies":[{"embeddable":true,"href":"http:\/\/www.efemfidancilik.com\/index.php\/wp-json\/wp\/v2\/comments?post=73"}],"version-history":[{"count":5,"href":"http:\/\/www.efemfidancilik.com\/index.php\/wp-json\/wp\/v2\/pages\/73\/revisions"}],"predecessor-version":[{"id":124,"href":"http:\/\/www.efemfidancilik.com\/index.php\/wp-json\/wp\/v2\/pages\/73\/revisions\/124"}],"wp:attachment":[{"href":"http:\/\/www.efemfidancilik.com\/index.php\/wp-json\/wp\/v2\/media?parent=73"}],"curies":[{"name":"wp","href":"https:\/\/api.w.org\/{rel}","templated":true}]}}